b + 2*h + 8. List the prime factors of -3 + 6 + 6/b.
2, 3
Let t(d) = -d**2 - 8*d + 1. Let f be t(-6). List the prime factors of f/(-13)*(1 + -44).
43
Let l be -3 - (-3 - -2) - -10. List the prime factors of 1 + -1 + -1 + l.
7
Suppose 0 = 3*z + 3*h - 0*h + 57, 5*z + 2*h = -86. Let p be ((-36)/(-16))/((-6)/z). Let c(d) = -d**2 + 8*d - 8. What are the prime factors of c(p)?
2
Suppose 25 = 3*c + 2*c. Let z be 3/5 - (-37)/c. Let v = z + 1. What are the prime factors of v?
3
Suppose w = 5*t - 34 + 1, 0 = w - 2. Let d(q) = -3*q - 3. Let g(v) = -2*v - 2. Let k(a) = -3*d(a) + 4*g(a). List the prime factors of k(t).
2
Let q(m) = -m**2 + 16*m + 5. List the prime factors of q(14).
3, 11
Let r(a) = 5*a + 37. List the prime factors of r(9).
2, 41
Suppose -70 = -7*n + 5*n. Suppose 5*l - n = -0*l. List the prime factors of l.
7
Let d(n) be the second derivative of n**5/20 - 5*n**4/6 + n**3/6 - 2*n**2 + 8*n. Let v = 7 + 3. List the prime factors of d(v).
2, 3
Let j = 2 - 15. Let n = -6 - j. List the prime factors of n.
7
Let r(i) = -i**3 + 8*i**2 + 10*i - 4. Let d be r(9). Suppose z + d = 35. List the prime factors of z.
2, 3, 5
Let u(s) = s**3 + s**2 - s - 2. Let l be u(2). Suppose l - 4 = 2*d. List the prime factors of d.
2
Let g = 45 - 20. List the prime factors of g.
5
Let w(g) = -g**2 + 4*g - 3. Let t be w(3). Let d be 17 - -1*1/(-1). Suppose 2*y + 0*y + 5*q - d = t, -y = 3*q - 8. What are the prime factors of y?
2
Let r(i) = -i - 1. Let u be r(-4). Suppose u*j = -2*k - 5, -k = -4*k + 5*j + 40. List the prime factors of (-7)/((-105)/36)*k.
2, 3
Suppose -4*p + 535 = -3*m, -4*p + 283 = 5*m - 244. List the prime factors of p.
7, 19
Suppose 47 - 5 = 2*m. What are the prime factors of m?
3, 7
Let r be 4/10 + 86/10. Let b(n) = -n**3 - 7*n**2 - 4*n - 1. Let k be b(-7). Suppose 4*y = r + k. What are the prime factors of y?
3
Suppose 4*v = 4*n - 20, 0 = -5*n + v + 4 + 9. Let b = n + 11. What are the prime factors of b?
13
Suppose 21*o + 11 = 22*o. List the prime factors of o.
11
Let b(p) = -p + 10. Let h be b(7). Suppose 0 = -h*u + 5 + 4. List the prime factors of u.
3
Suppose -a + 28 = -6. Let m = -24 + a. List the prime factors of m.
2, 5
Suppose 0 = 3*o + 1 + 8, 0 = 5*l - 3*o - 1484. What are the prime factors of l?
5, 59
Suppose 380 = h - 4*u, -h + 184 = -2*u - 200. List the prime factors of h.
2, 97
Let h be 15/3 - -3 - 0. Let s = 15 - h. List the prime factors of s.
7
Let x(m) = m + 45. Let l be x(0). Let s = -11 + l. Let q = s + -16. What are the prime factors of q?
2, 3
Let p = 14 - 1. Suppose -2*v = -3*v - 5*j + p, 0 = -5*j + 10. List the prime factors of v.
3
Let k(s) = -11*s + 4. List the prime factors of k(-4).
2, 3
Let r = -11 - -19. Suppose r*h = 11*h - 33. List the prime factors of h.
11
What are the prime factors of 2/(-5) - 567/(-5)?
113
Suppose w - b + 11 = -0*b, 0 = 5*w - 2*b + 58. Let n(q) = -q**3 - 5*q**2 + q + 3. Let i be n(-3). What are the prime factors of 8/6*i/w?
2
Let q = 25 - -36. List the prime factors of q.
61
Let q(y) = -4*y - 3. Let s be q(-2). Suppose g - 3*v - 29 = 0, -s*g - 9 + 89 = -2*v. What are the prime factors of g?
2, 7
Suppose 3*o = 3*j + 60, 3*j - 5*o = 14 - 84. Let p = -4 - 3. Let h = p - j. What are the prime factors of h?
2
Let u = -13 + 7. Let v(j) = j + 4. Let w be v(-6). List the prime factors of 7/3 - w/u.
2
Suppose -2*h + 4*x + 8 = 0, 0*h - 4*h = -2*x + 2. Let v = h - -4. Let l = 6 + v. List the prime factors of l.
2
Let o(w) = -25*w**2 - 5*w + 5. Let u(m) = 49*m**2 + 9*m - 9. Let j(x) = 11*o(x) + 6*u(x). Suppose -1 + 4 = 3*r. What are the prime factors of j(r)?
19
Let t = 1 + 1. Suppose 0 = 8*i - 5*i. Suppose t*d + 52 = -i*n + 5*n, -5*d - 55 = -5*n. What are the prime factors of n?
2, 5
Let g = 0 - 1. Let t be 6/(-4)*(-4)/3. Let n = t - g. What are the prime factors of n?
3
Suppose -m + 5 - 13 = 0. Let p = m - -17. Suppose 3*c = 30 + p. List the prime factors of c.
13
Let m(v) = 2*v**2 + 2*v - 1. Let o be m(1). Suppose -o*k + 0*k = -69. List the prime factors of k.
23
Let v(r) = 2*r**2 + 7*r + 12. List the prime factors of v(-4).
2
Let z(w) be the first derivative of -w**2/2 - 2*w + 1. Let y be z(-4). Suppose -4*i + 55 = 5*n - 0*i, -n + i = -y. List the prime factors of n.
7
Let a(p) = p + 19. List the prime factors of a(8).
3
Let p be (-8)/2 - (-3)/(-1). Let m = p - 2. Let v = 23 + m. What are the prime factors of v?
2, 7
Suppose -6*z + 7*z = 180. What are the prime factors of z?
2, 3, 5
Suppose -5*c - 77 = -407. List the prime factors of c.
2, 3, 11
Suppose 2*v + 2 = 8. Suppose -4 = v*o - 40. What are the prime factors of o?
2, 3
Let y(x) = 6*x**3 - 9*x**2 - x + 41. Let g(v) = v**3 - 2*v**2 + 8. Let c(l) = 11*g(l) - 2*y(l). What are the prime factors of c(-5)?
3, 7
Suppose 0*f - 6*f + 168 = 0. What are the prime factors of f?
2, 7
Let p = 43 + -14. Suppose -3*y + 4*l + 59 = 0, 4*y + 2*l + p = 115. What are the prime factors of y?
3, 7
Suppose 0*x + 3*x = 6. Suppose n = 3 + x. Suppose -u = n*r - 3, u + u + 4*r = 6. List the prime factors of u.
3
Suppose -3 = -g - 15. Let u = -6 - g. What are the prime factors of u?
2, 3
Let w(x) = x**3 + 14 + 8*x + 3*x + 343*x**2 - 356*x**2. Let z = 25 - 13. What are the prime factors of w(z)?
2
Let o = -62 - -38. What are the prime factors of (9/12)/((-1)/o)?
2, 3
Suppose -2*f + 8 = -q, 3*q = f - 5*f + 26. Let k(a) = 3*a**3 + 4*a**2 - 5*a. What are the prime factors of k(q)?
2, 3, 5
Suppose 4*v = 3*l - 4, -4*v + 3*v - 4*l - 20 = 0. Let m = -12 + 17. List the prime factors of (-33)/v + m/(-20).
2
Let q = 150 + 20. List the prime factors of q.
2, 5, 17
Suppose 4*s = -7 - 13, 4*k + s - 123 = 0. What are the prime factors of k?
2
What are the prime factors of -1*(-33 - (-6)/3)?
31
Let m(b) = -2*b + 3. Let l(k) = -k**2 - 6*k. Let h be l(-5). Let c be m(h). Let v = c - -11. List the prime factors of v.
2
Let y = 65 + -4. List the prime factors of y.
61
Let a = 10 - 5. Suppose -a*n + 180 = -n. List the prime factors of n.
3, 5
Let x be (-2)/(-3) - 300/(-9). List the prime factors of x*(1 + 1)/4.
17
Let y(i) = -i**2 + 6*i - 4. Let m be y(6). Let w = 7 - m. What are the prime factors of w?
11
Let h(l) = 14 - 13*l - l**2 - 4*l**2 - l**3 + 0*l**2 - 6*l**2. Let o be h(-10). Let w = -24 + o. What are the prime factors of w?
2, 5
Let l(a) = 4*a. Let d be l(1). Suppose o + i = -d*o + 123, -4*o + 3*i + 106 = 0. What are the prime factors of o?
5
Suppose 0*u + 2*u + 4 = 3*r, -3*r = -3*u - 3. Let q = 20 - -24. Suppose -q = -6*c + r*c. What are the prime factors of c?
11
Suppose -4 = 2*f - 0. What are the prime factors of f + 1 + 20 + -3?
2
Let m(n) = -n - 4. Let t be 22/8 - 4/(-16). Let i be 2*t/(-6)*7. List the prime factors of m(i).
3
Let b(l) = -1. Let a(g) = 2*g - 12. Let i(x) = a(x) - 5*b(x). Let n be i(6). Let y(w) = -w**2 + 7*w - 6. What are the prime factors of y(n)?
2
Suppose -2*h = -y + 7, 0 = 4*y + 2*h - h - 10. List the prime factors of y + -5 - 1 - -15.
2, 3
Let n be -1 + (3/3 - -17). Let a = n - 10. List the prime factors of a.
7
Let m = 75 - 50. List the prime factors of m.
5
Let l = -9 - -11. Suppose -6*i + 4*i = s - 19, l*i - 16 = -2*s. What are the prime factors of i?
11
Let z = -111 + 62. List the prime factors of 4/(-14) - 455/z.
3
Let i(t) = -t**3 + 9*t**2 - 2*t - 13. List the prime factors of i(8).
5, 7
Suppose 0 = -4*l + 131 + 521. What are the prime factors of l?
163
Let k(g) = g**3 + 15*g**2 + 8*g + 12. Let t be k(-14). What are the prime factors of (t/40)/((-2)/(-5))?
2, 3
What are the prime factors of (-8)/10*(-220)/8?
2, 11
Let i(s) = 19*s**2 + s + 6. List the prime factors of i(-2).
2, 5
Let q = 4 + -7. Let l be (5*q)/(6/(-4)). Suppose 6*y - l = y. List the prime factors of y.
2
Let l(f) = 42*f + 17. What are the prime factors of l(4)?
5, 37
Let k(m) = m**3 - 9*m**2 - 4*m - 9. What are the prime factors of k(10)?
3, 17
Let i(f) = -f + 5. Suppose 0 = -5*s - 5*d - 35, 0*d = -3*s - 2*d - 22. List the prime factors of i(s).
13
Let a(w) = 6*w**2 + 2*w - 2. Let t be a(-3). Suppose y + t = 3*y. What are the prime factors of y?
23
List the prime factors of 148/(0 + 0 + 5 + -3).
2, 37
Suppose 3 = q, -13 = -3*t + 2*q + 197. List the prime factors of t.
2, 3
Let z = -537 + 780. What are the prime factors of z?
3
Let j be (-30)/(-7) + 8/(-28). Suppose 24 - j = 4*b. Suppose 